, 11
Let s be (-6)/15 + (-22)/(-5). List the prime factors of (s/(-4))/((-1)/3).
3
Let t = 17 + -13. Let m = t + 12. What are the prime factors of m?
2
Let b be (-2 - -1)/(2/(-10)). Let l be 4/10 + (-46)/(-10). Suppose w - j = -3 + b, 5*j = -l*w + 30. What are the prime factors of w?
2
Let x be ((-4)/5)/((-1)/(-5)). Suppose 4*o + 7 = -41. Let b = x - o. What are the prime factors of b?
2
Suppose -178 = -7*w + 60. List the prime factors of w.
2, 17
Suppose 2*b + 38 = 2. What are the prime factors of (-4)/(-10) + b/(-5)?
2
Let s = 0 + 0. Suppose -2*r + p + 8 = r, r - 5 = -2*p. Let c = r - s. List the prime factors of c.
3
List the prime factors of 6*(-1)/(-15)*30.
2, 3
Suppose 2*f + f = -5*x + 132, -3*x + 3*f = -60. Suppose -x = -0*j - 3*j. List the prime factors of j.
2
Suppose -u = 4*d - 7, 2*u = -2*d + 7*d - 12. Let o be ((-1 - 0) + -4)*u. Suppose 0*r - o*r = -3*p + 46, -66 = -5*p + 3*r. List the prime factors of p.
2, 3
Suppose 3*i - 140 = -2*i. What are the prime factors of i?
2, 7
Suppose -3*i + 4*j = -45, -i + 3*j = -0 - 20. Let l = i + -8. Suppose 0*p - 30 = -l*p. List the prime factors of p.
2, 5
Suppose 24*y - 120 = 14*y. What are the prime factors of y?
2, 3
Suppose -2*y + 4*h = -84, 2*y = -y + h + 146. What are the prime factors of y?
2, 5
Suppose -23 = -2*d + 5*o, 0 = -3*d + 2*o - 7*o - 3. Let x(q) = 2*q. Let b be x(d). What are the prime factors of (b/6 - 1)*27?
3
Suppose 0 = -3*k + 6*k - 414. List the prime factors of k.
2, 3, 23
Let m = -95 - -222. What are the prime factors of m?
127
Let r be (-16)/(-1) - (-2)/1. Let w = r + -5. What are the prime factors of w?
13
Let t(n) = 18*n - 4. Let u be t(3). Let y be (4 - 3) + (2 - -1). Suppose -5*g + u = 4*s - 0*s, y*g = 3*s + 9. What are the prime factors of g?
2, 3
Suppose -4*n + 14 = 6. Suppose 0 = 2*u + u - 6. Suppose -24 = -n*x - p - u*p, -p = -3*x + 25. List the prime factors of x.
3
Let q = 12 + 63. List the prime factors of q.
3, 5
Let r(y) = y**2 - 5*y. What are the prime factors of r(-5)?
2, 5
Let s be 5*((-412)/(-20) - -4). Suppose 5*d - s = 2*d. List the prime factors of d.
41
Let t(l) = 3*l - 13. Let x be t(11). Let b = 0 + x. What are the prime factors of b?
2, 5
Suppose -2*s = 7 - 5. Let u = -2 - s. Let q = u + 3. List the prime factors of q.
2
Let s be (-1*6)/((-3)/4). Let u = 18 - s. What are the prime factors of u?
2, 5
Suppose 0 = -x + 4, 4*x + 738 = 3*n + x. List the prime factors of n.
2, 5
Suppose 0 = -0*u + 6*u - 348. What are the prime factors of u?
2, 29
Suppose -4*i = i - 35. Let d = i + -1. What are the prime factors of d?
2, 3
Suppose -5*t = -2*u - 183, 2*t + 0*u + 2*u = 62. What are the prime factors of t?
5, 7
Suppose -11*d + 161 = -4*d. List the prime factors of d.
23
Let x = -6 + -2. What are the prime factors of x/(-40) - 298/(-10)?
2, 3, 5
Suppose h - 16 = 16. What are the prime factors of h?
2
Let h(o) = 2*o + 4. List the prime factors of h(5).
2, 7
Let g(f) = 38*f + 62. What are the prime factors of g(7)?
2, 41
Let i(t) = 2*t + 2. Let d be i(-4). Let n = d - -3. What are the prime factors of n/(-3) + 7 - 2?
2, 3
Suppose -18*l = -19*l + 357. What are the prime factors of l?
3, 7, 17
Let k = 49 - 22. What are the prime factors of k?
3
Suppose 5*o = 4*v - 29, -5*o + 2*o + 15 = 3*v. List the prime factors of v.
2, 3
Let y = 8 - 14. Let t = y - -10. Suppose o + 2*h - 1 = -0*h, t*o - 24 = -4*h. List the prime factors of o.
11
Suppose -2*v + 9 + 35 = 0. Suppose v - 2 = 4*l. List the prime factors of l.
5
Let z = 37 - 8. Suppose 0 = 3*c + z - 68. What are the prime factors of c?
13
What are the prime factors of 106/12 + 1/6?
3
Let w(y) = -y - 4. Let i = 2 + -8. Let j be w(i). Suppose -5*r + 41 = 3*g, -4*g + 33 = j*r - 17. List the prime factors of g.
2, 3
Let k = -54 + 116. What are the prime factors of k?
2, 31
What are the prime factors of 49 + 2 + -16 + 17?
2, 13
What are the prime factors of (-7)/(-21) - (-53)/3?
2, 3
Suppose 5*l = v + 2*l - 8, -4*v = 3*l - 32. Let t(k) = 2*k**2 - 6*k - 5. Let b be t(5). Let f = b - v. List the prime factors of f.
7
Let r = 16 + -9. Let q = -12 + r. List the prime factors of (q/2)/(1/(-2)).
5
Suppose 0 = i + 3*i + 24. Let c be -10*(i/4 + -1). Suppose -3*h = 15, 8*d - 3*h - c = 3*d. List the prime factors of d.
2
Let p = -106 - -176. What are the prime factors of p?
2, 5, 7
Suppose n - 1 = 0, 3*m - 3*n - 322 = -n. What are the prime factors of m?
2, 3
Let s(c) = -5*c - 9. Let v = -8 - 3. List the prime factors of s(v).
2, 23
Suppose y - 73 = -2*a, 5*a = 3*y - 110 - 153. What are the prime factors of y?
3
Suppose 0 = -2*o - o + 24. Let t = o - 0. List the prime factors of t.
2
Suppose -4*s - s = -500. List the prime factors of 1/3 - s/(-6).
17
Suppose f + 0 + 3 = 0. Let y(r) = -r**3 - r**2 - 2*r - 2. What are the prime factors of y(f)?
2, 11
Suppose 3*k + 16 = 5*j, -3*j - 5*k - 18 = -7*j. Let z(p) = -p**3 + 6*p**2 + 3*p. Let i be z(6). Suppose 0 = -j*d + 10 + i. What are the prime factors of d?
2, 7
Let r(p) = -2*p**3 - 3*p**2 + 5*p + 6. List the prime factors of r(-4).
2, 3, 11
List the prime factors of (-2)/(-8) - 10480/(-64).
2, 41
Suppose -t + 10 = -o, 3*t = -3*o + 2*t - 22. Let q be o/6*24/(-16). Suppose -q*p - 3*p = -80. What are the prime factors of p?
2
What are the prime factors of (1 - (-1564)/10) + 3/5?
2, 79
Let z(m) = m**3 + 4*m**2 - 4*m + 4. List the prime factors of z(-4).
2, 5
Suppose 0 = -2*z + 2 + 2. Suppose -v = z*v - 24. Suppose -3*k - k + v = 0. List the prime factors of k.
2
Suppose 4*r = 10*r - 108. List the prime factors of r.
2, 3
Let q(m) = -m + 21. What are the prime factors of q(10)?
11
Let l = -68 - -250. List the prime factors of l.
2, 7, 13
Suppose q - u - 1 + 0 = 0, 2*q = -5*u + 2. List the prime factors of ((-11)/2)/(q/(-2)).
11
Let h = 47 + 46. List the prime factors of h.
3, 31
Suppose -5*c + 215 = 5*w, 2*c - w - 4*w = 100. List the prime factors of c.
3, 5
Suppose -278 = -12*o + 1798. What are the prime factors of o?
173
Suppose 7 + 9 = 5*d + 2*z, 4*z - 16 = -2*d. Suppose -4*v + 6 = -14, -2*w - 2*v = -12. Let h = d + w. What are the prime factors of h?
3
Let k(l) = 18*l**2 - 3*l + 5. List the prime factors of k(2).
71
Suppose -3*t - 5*v + 0 + 6 = 0, 0 = 3*t + 2*v - 6. Suppose -2*z + 27 = -5*r, 0 = t*z + 4*r + 10 + 8. List the prime factors of ((-26)/2)/(z/(-1)).
13
Let a be 18/(-8)*64/(-6). List the prime factors of ((-5)/3)/((-4)/a).
2, 5
Let a = 15 + 2. List the prime factors of a.
17
What are the prime factors of 2 - -1 - (-18 - 0)?
3, 7
Suppose -2*t - s + 14 = -6*t, 2*t = 4*s. Let q = t - -8. List the prime factors of q.
2
Let d be ((-2)/2 + 0)/(-1). Suppose f + d + 29 = 3*m, 50 = 5*m - 3*f. Let p = m - 2. What are the prime factors of p?
2
Let w = 8 + -6. Suppose w*k = 4*k. Suppose -8 = -4*c, 0 = -4*q - k*c + 4*c + 20. List the prime factors of q.
7
Let d(n) be the third derivative of 11*n**5/20 - n**4/24 - n**3/6 - 3*n**2. List the prime factors of d(-1).
3, 11
Let j(f) be the third derivative of -f**4/24 + 4*f**3 + f**2. List the prime factors of j(0).
2, 3
Let b(n) = -n**2 - 10*n - 9. Let j be b(-9). Suppose 3*i + j*i - 9 = 0. List the prime factors of i.
3
Suppose 5*c - 516 = 2*c. What are the prime factors of c?
2, 43
Suppose -84 = -4*u + 4*s, 3*u - 7*u - 3*s + 98 = 0. What are the prime factors of u?
23
Let y be 111/(-4) - 1/4. Let x = -14 - y. What are the prime factors of x?
2, 7
Let o(u) be the second derivative of -u**6/180 - u**5/120 - u**4/12 - 3*u. Let k(h) be the third derivative of o(h). What are the prime factors of k(-3)?
11
Suppose -4 = 4*g + o + 3, -2*g + 4*o = -10. What are the prime factors of (12/(-9) - g)*-6?
2
Suppose -3*s - 8 = -2. Let v = 5 + s. List the prime factors of v.
3
Suppose 15 = 2*i - 143. Suppose -p - 4*g + 28 = 0, 6*p - i = 2*p - 5*g. List the prime factors of p.
2
Suppose 0 = -2*y - 10. List the prime factors of y/(-10) - 5/(-2).
3
Let j = 123 + -54. What are the prime factors of j?
3, 23
Suppose -j + 5*z = -103, 0 = j - 6*j - 3*z + 571. What are the prime factors of j?
113
What are the prime factors of -19 + 16 + (26 - (-1 - -1))?
23
Let d(i) = -8 + 4*i + 3 - 2 - 2. List the prime factors of d(6).
3, 5
Let v(g) = -1. Let y(f) = f**3 - f**2 - 2*f + 1. Let n(j) = -v(j) + y(j). Suppose 4*x - 12 = -4*r, 2 + 5 = 4*x - r. What are the prime fact